{"id":8733,"date":"2024-06-26T12:16:49","date_gmt":"2024-06-26T10:16:49","guid":{"rendered":"https:\/\/host3.hellowebtunisie.com\/~smilecle\/?post_type=product&#038;p=8733"},"modified":"2024-07-03T11:32:01","modified_gmt":"2024-07-03T09:32:01","slug":"air-fresh-cerise","status":"publish","type":"product","link":"https:\/\/host3.hellowebtunisie.com\/~smilecle\/produit\/air-fresh-cerise","title":{"rendered":"Air Fresh Cerise"},"content":{"rendered":"","protected":false},"excerpt":{"rendered":"<p>Plongez dans la fra\u00eecheur de Air Fresh Cerise, un parfum captivant qui r\u00e9v\u00e8le l&rsquo;ar\u00f4me sucr\u00e9 des cerises. Profitez d&rsquo;une senteur agr\u00e9able qui transforme votre int\u00e9rieur en un havre de fra\u00eecheur fruit\u00e9e.<\/p>\n","protected":false},"featured_media":8734,"template":"","meta":[],"product_cat":[74],"product_tag":[],"class_list":{"0":"post-8733","1":"product","2":"type-product","3":"status-publish","4":"has-post-thumbnail","6":"product_cat-air-fresh","8":"first","9":"instock","10":"shipping-taxable","11":"purchasable","12":"product-type-simple"},"_links":{"self":[{"href":"https:\/\/host3.hellowebtunisie.com\/~smilecle\/wp-json\/wp\/v2\/product\/8733","targetHints":{"allow":["GET"]}}],"collection":[{"href":"https:\/\/host3.hellowebtunisie.com\/~smilecle\/wp-json\/wp\/v2\/product"}],"about":[{"href":"https:\/\/host3.hellowebtunisie.com\/~smilecle\/wp-json\/wp\/v2\/types\/product"}],"version-history":[{"count":2,"href":"https:\/\/host3.hellowebtunisie.com\/~smilecle\/wp-json\/wp\/v2\/product\/8733\/revisions"}],"predecessor-version":[{"id":8986,"href":"https:\/\/host3.hellowebtunisie.com\/~smilecle\/wp-json\/wp\/v2\/product\/8733\/revisions\/8986"}],"wp:featuredmedia":[{"embeddable":true,"href":"https:\/\/host3.hellowebtunisie.com\/~smilecle\/wp-json\/wp\/v2\/media\/8734"}],"wp:attachment":[{"href":"https:\/\/host3.hellowebtunisie.com\/~smilecle\/wp-json\/wp\/v2\/media?parent=8733"}],"wp:term":[{"taxonomy":"product_cat","embeddable":true,"href":"https:\/\/host3.hellowebtunisie.com\/~smilecle\/wp-json\/wp\/v2\/product_cat?post=8733"},{"taxonomy":"product_tag","embeddable":true,"href":"https:\/\/host3.hellowebtunisie.com\/~smilecle\/wp-json\/wp\/v2\/product_tag?post=8733"}],"curies":[{"name":"wp","href":"https:\/\/api.w.org\/{rel}","templated":true}]}}