{"id":8727,"date":"2024-06-26T12:14:52","date_gmt":"2024-06-26T10:14:52","guid":{"rendered":"https:\/\/host3.hellowebtunisie.com\/~smilecle\/?post_type=product&#038;p=8727"},"modified":"2024-07-03T11:31:19","modified_gmt":"2024-07-03T09:31:19","slug":"air-fresh-anti-tabac","status":"publish","type":"product","link":"https:\/\/host3.hellowebtunisie.com\/~smilecle\/produit\/air-fresh-anti-tabac","title":{"rendered":"Air Fresh Anti-tabac"},"content":{"rendered":"","protected":false},"excerpt":{"rendered":"<p>Rafra\u00eechissez votre int\u00e9rieur avec Air Fresh Anti-tabac \u00e0 l&rsquo;ambre-cannelle. Ce parfum \u00e9limine efficacement les odeurs de tabac tout en ajoutant une note chaleureuse. Profitez d&rsquo;une atmosph\u00e8re agr\u00e9ablement parfum\u00e9e et accueillante dans votre espace.<\/p>\n","protected":false},"featured_media":8728,"template":"","meta":[],"product_cat":[74,72],"product_tag":[],"class_list":{"0":"post-8727","1":"product","2":"type-product","3":"status-publish","4":"has-post-thumbnail","6":"product_cat-air-fresh","7":"product_cat-smile-clean","9":"first","10":"instock","11":"shipping-taxable","12":"purchasable","13":"product-type-simple"},"_links":{"self":[{"href":"https:\/\/host3.hellowebtunisie.com\/~smilecle\/wp-json\/wp\/v2\/product\/8727","targetHints":{"allow":["GET"]}}],"collection":[{"href":"https:\/\/host3.hellowebtunisie.com\/~smilecle\/wp-json\/wp\/v2\/product"}],"about":[{"href":"https:\/\/host3.hellowebtunisie.com\/~smilecle\/wp-json\/wp\/v2\/types\/product"}],"version-history":[{"count":2,"href":"https:\/\/host3.hellowebtunisie.com\/~smilecle\/wp-json\/wp\/v2\/product\/8727\/revisions"}],"predecessor-version":[{"id":8981,"href":"https:\/\/host3.hellowebtunisie.com\/~smilecle\/wp-json\/wp\/v2\/product\/8727\/revisions\/8981"}],"wp:featuredmedia":[{"embeddable":true,"href":"https:\/\/host3.hellowebtunisie.com\/~smilecle\/wp-json\/wp\/v2\/media\/8728"}],"wp:attachment":[{"href":"https:\/\/host3.hellowebtunisie.com\/~smilecle\/wp-json\/wp\/v2\/media?parent=8727"}],"wp:term":[{"taxonomy":"product_cat","embeddable":true,"href":"https:\/\/host3.hellowebtunisie.com\/~smilecle\/wp-json\/wp\/v2\/product_cat?post=8727"},{"taxonomy":"product_tag","embeddable":true,"href":"https:\/\/host3.hellowebtunisie.com\/~smilecle\/wp-json\/wp\/v2\/product_tag?post=8727"}],"curies":[{"name":"wp","href":"https:\/\/api.w.org\/{rel}","templated":true}]}}