{"id":3259,"date":"2023-05-19T17:41:30","date_gmt":"2023-05-19T15:41:30","guid":{"rendered":"https:\/\/host3.hellowebtunisie.com\/~natuskin\/?post_type=product&#038;p=3259"},"modified":"2023-07-18T15:23:15","modified_gmt":"2023-07-18T13:23:15","slug":"dermo-hydra-lift-serum-30-ml","status":"publish","type":"product","link":"https:\/\/host3.hellowebtunisie.com\/~natuskin\/produit\/dermo-hydra-lift-serum-30-ml\/","title":{"rendered":"Dermo hydra-lift s\u00e9rum 30 ml"},"content":{"rendered":"","protected":false},"excerpt":{"rendered":"<p style=\"text-align: left;\"><strong>Caract\u00e9ristiques :<\/strong><br \/>\n\u2022 Formul\u00e9 avec soin pour apporter une hydratation intense et un effet liftant \u00e0 la peau.<br \/>\n<strong>Composition :<\/strong><br \/>\n\u2022 Contient de l&rsquo;acide hyaluronique, connu pour ses propri\u00e9t\u00e9s hydratantes et repulpantes qui aident \u00e0 r\u00e9duire l&rsquo;apparence des rides et ridules.<br \/>\n\u2022 Enrichi en collag\u00e8ne, qui contribue \u00e0 am\u00e9liorer l&rsquo;\u00e9lasticit\u00e9 et la fermet\u00e9 de la peau, lui donnant une apparence plus jeune et plus tonique.<br \/>\n\u2022Comprend un extrait de feuille d&rsquo;olivier, riche en antioxydants naturels qui aident \u00e0 prot\u00e9ger la peau des agressions environnementales et \u00e0 renforcer sa barri\u00e8re protectrice.<br \/>\n<strong>Texture :<\/strong><br \/>\n\u2022 Sa texture l\u00e9g\u00e8re et non grasse p\u00e9n\u00e8tre rapidement dans la peau, offrant une hydratation durable sans laisser de r\u00e9sidu gras.<br \/>\n<strong>R\u00e9sultat<\/strong><br \/>\n\u2022Ce s\u00e9rum dermo hydra-lift est con\u00e7u pour nourrir en profondeur la peau, lui donner une apparence plus lisse, plus ferme et plus \u00e9clatante. Il agit en synergie avec les ingr\u00e9dients actifs pour hydrater intens\u00e9ment, repulper et revitaliser la peau, tout en r\u00e9duisant les signes visibles du vieillissement. Utilis\u00e9 r\u00e9guli\u00e8rement, ce s\u00e9rum aidera \u00e0 restaurer la jeunesse et la vitalit\u00e9 de votre peau, la laissant visiblement plus jeune et plus lumineuse.<\/p>\n","protected":false},"featured_media":3322,"comment_status":"closed","ping_status":"closed","template":"","meta":[],"product_cat":[47],"product_tag":[],"class_list":["post-3259","product","type-product","status-publish","has-post-thumbnail","hentry","product_cat-natuskin"],"_links":{"self":[{"href":"https:\/\/host3.hellowebtunisie.com\/~natuskin\/wp-json\/wp\/v2\/product\/3259","targetHints":{"allow":["GET"]}}],"collection":[{"href":"https:\/\/host3.hellowebtunisie.com\/~natuskin\/wp-json\/wp\/v2\/product"}],"about":[{"href":"https:\/\/host3.hellowebtunisie.com\/~natuskin\/wp-json\/wp\/v2\/types\/product"}],"replies":[{"embeddable":true,"href":"https:\/\/host3.hellowebtunisie.com\/~natuskin\/wp-json\/wp\/v2\/comments?post=3259"}],"wp:featuredmedia":[{"embeddable":true,"href":"https:\/\/host3.hellowebtunisie.com\/~natuskin\/wp-json\/wp\/v2\/media\/3322"}],"wp:attachment":[{"href":"https:\/\/host3.hellowebtunisie.com\/~natuskin\/wp-json\/wp\/v2\/media?parent=3259"}],"wp:term":[{"taxonomy":"product_cat","embeddable":true,"href":"https:\/\/host3.hellowebtunisie.com\/~natuskin\/wp-json\/wp\/v2\/product_cat?post=3259"},{"taxonomy":"product_tag","embeddable":true,"href":"https:\/\/host3.hellowebtunisie.com\/~natuskin\/wp-json\/wp\/v2\/product_tag?post=3259"}],"curies":[{"name":"wp","href":"https:\/\/api.w.org\/{rel}","templated":true}]}}