{"id":3369,"date":"2023-06-27T13:51:11","date_gmt":"2023-06-27T11:51:11","guid":{"rendered":"https:\/\/host3.hellowebtunisie.com\/~natuskin\/?page_id=3369"},"modified":"2023-07-04T12:51:39","modified_gmt":"2023-07-04T10:51:39","slug":"faq","status":"publish","type":"page","link":"https:\/\/host3.hellowebtunisie.com\/~natuskin\/faq\/","title":{"rendered":"FAQ"},"content":{"rendered":"\t\t<div data-elementor-type=\"wp-page\" data-elementor-id=\"3369\" class=\"elementor elementor-3369\">\n\t\t\t\t\t\t\t\t\t<div class=\"elementor-section elementor-top-section elementor-element elementor-element-7cd75cd elementor-section-boxed elementor-section-height-default elementor-section-height-default\" data-id=\"7cd75cd\" data-element_type=\"section\">\n\t\t\t\t\t\t<div class=\"elementor-container elementor-column-gap-default\">\n\t\t\t\t\t<div class=\"elementor-column elementor-col-50 elementor-top-column elementor-element elementor-element-3b80062\" data-id=\"3b80062\" data-element_type=\"column\">\n\t\t\t<div class=\"elementor-widget-wrap elementor-element-populated\">\n\t\t\t\t\t\t\t\t<div class=\"elementor-element elementor-element-9f08aef elementor-widget elementor-widget-heading\" data-id=\"9f08aef\" data-element_type=\"widget\" data-widget_type=\"heading.default\">\n\t\t\t\t<div class=\"elementor-widget-container\">\n\t\t\t<style>\/*! elementor - v3.11.2 - 22-02-2023 *\/\n.elementor-heading-title{padding:0;margin:0;line-height:1}.elementor-widget-heading .elementor-heading-title[class*=elementor-size-]>a{color:inherit;font-size:inherit;line-height:inherit}.elementor-widget-heading .elementor-heading-title.elementor-size-small{font-size:15px}.elementor-widget-heading .elementor-heading-title.elementor-size-medium{font-size:19px}.elementor-widget-heading .elementor-heading-title.elementor-size-large{font-size:29px}.elementor-widget-heading .elementor-heading-title.elementor-size-xl{font-size:39px}.elementor-widget-heading .elementor-heading-title.elementor-size-xxl{font-size:59px}<\/style><h2 class=\"elementor-heading-title elementor-size-default\">1. MARQUE <\/h2>\t\t<\/div>\n\t\t\t\t<\/div>\n\t\t\t\t<div class=\"elementor-element elementor-element-0a3f85e elementor-widget elementor-widget-text-editor\" data-id=\"0a3f85e\" data-element_type=\"widget\" data-widget_type=\"text-editor.default\">\n\t\t\t\t<div class=\"elementor-widget-container\">\n\t\t\t<style>\/*! elementor - v3.11.2 - 22-02-2023 *\/\n.elementor-widget-text-editor.elementor-drop-cap-view-stacked .elementor-drop-cap{background-color:#818a91;color:#fff}.elementor-widget-text-editor.elementor-drop-cap-view-framed .elementor-drop-cap{color:#818a91;border:3px solid;background-color:transparent}.elementor-widget-text-editor:not(.elementor-drop-cap-view-default) .elementor-drop-cap{margin-top:8px}.elementor-widget-text-editor:not(.elementor-drop-cap-view-default) .elementor-drop-cap-letter{width:1em;height:1em}.elementor-widget-text-editor .elementor-drop-cap{float:left;text-align:center;line-height:1;font-size:50px}.elementor-widget-text-editor .elementor-drop-cap-letter{display:inline-block}<\/style>\t\t\t\t<p><strong>Pourquoi la marque s\u2019appelle-t-elle natuskin ?<\/strong> <br \/>La marque s&rsquo;appelle Natuskin en r\u00e9f\u00e9rence \u00e0 sa philosophie fondamentale qui est d&rsquo;utiliser des ingr\u00e9dients naturels dans ses produits de soins de la peau. \u00ab\u00a0Natuskin\u00a0\u00bb est une combinaison des mots \u00ab\u00a0natura\u00a0\u00bb qui signifie \u00ab\u00a0nature\u00a0\u00bb en latin, et \u00ab\u00a0skin\u00a0\u00bb qui signifie \u00ab\u00a0peau\u00a0\u00bb en anglais. Cette fusion refl\u00e8te l&rsquo;engagement de la marque envers la nature et met en avant sa volont\u00e9 de proposer des produits de beaut\u00e9 qui respectent l&rsquo;\u00e9quilibre naturel de la peau. Le nom Natuskin v\u00e9hicule l&rsquo;id\u00e9e que la beaut\u00e9 peut \u00eatre obtenue en utilisant des ingr\u00e9dients naturels et en prenant soin de sa peau de mani\u00e8re holistique.<\/p><p><strong>O\u00f9 sont fabriqu\u00e9s les produits Natuskin ?<\/strong> <br \/>Les produits Natuskin sont fabriqu\u00e9s en Tunisie. La marque accorde une grande importance \u00e0 la qualit\u00e9 et \u00e0 l&rsquo;origine de ses ingr\u00e9dients, et elle travaille en \u00e9troite collaboration avec des agriculteurs locaux pour garantir la qualit\u00e9 des mati\u00e8res premi\u00e8res utilis\u00e9es dans ses produits. La fabrication est r\u00e9alis\u00e9e dans des laboratoires conformes aux normes pharmaceutiques et cosm\u00e9tiques, afin de garantir des produits s\u00fbrs et efficaces pour les consommateurs.<\/p><p><strong>ou procurez vous la feuille d&rsquo;olivier ?<\/strong> <br \/>Chez Natuskin, nous nous approvisionnons en feuilles d&rsquo;olivier en Tunisie, un pays r\u00e9put\u00e9 pour la culture de l&rsquo;olivier et la production d&rsquo;huile d&rsquo;olive de qualit\u00e9. Nous entretenons des partenariats \u00e9troits avec des agriculteurs locaux tunisiens qui cultivent des oliviers et r\u00e9coltent les feuilles selon des m\u00e9thodes respectueuses de l&rsquo;environnement. Les feuilles d&rsquo;olivier utilis\u00e9es dans nos produits sont soigneusement s\u00e9lectionn\u00e9es pour leur qualit\u00e9 et leur puret\u00e9, garantissant ainsi des ingr\u00e9dients naturels d&rsquo;origine locale pour nos formulations. Nous sommes fiers de contribuer au soutien de l&rsquo;\u00e9conomie locale et de valoriser l&rsquo;h\u00e9ritage ancestral de l&rsquo;olivier en Tunisie \u00e0 travers nos produits.<\/p>\t\t\t\t\t\t<\/div>\n\t\t\t\t<\/div>\n\t\t\t\t\t<\/div>\n\t\t<\/div>\n\t\t\t\t<div class=\"elementor-column elementor-col-50 elementor-top-column elementor-element elementor-element-0e93ecf\" data-id=\"0e93ecf\" data-element_type=\"column\">\n\t\t\t<div class=\"elementor-widget-wrap elementor-element-populated\">\n\t\t\t\t\t\t\t\t<div class=\"elementor-element elementor-element-6086f12 elementor-widget elementor-widget-image\" data-id=\"6086f12\" data-element_type=\"widget\" data-widget_type=\"image.default\">\n\t\t\t\t<div class=\"elementor-widget-container\">\n\t\t\t<style>\/*! elementor - v3.11.2 - 22-02-2023 *\/\n.elementor-widget-image{text-align:center}.elementor-widget-image a{display:inline-block}.elementor-widget-image a img[src$=\".svg\"]{width:48px}.elementor-widget-image img{vertical-align:middle;display:inline-block}<\/style>\t\t\t\t\t\t\t\t\t\t\t\t<img loading=\"lazy\" decoding=\"async\" width=\"720\" height=\"942\" src=\"https:\/\/host3.hellowebtunisie.com\/~natuskin\/wp-content\/uploads\/2023\/06\/Logo.jpg\" class=\"attachment-large size-large wp-image-3290\" alt=\"\" srcset=\"https:\/\/host3.hellowebtunisie.com\/~natuskin\/wp-content\/uploads\/2023\/06\/Logo.jpg 720w, https:\/\/host3.hellowebtunisie.com\/~natuskin\/wp-content\/uploads\/2023\/06\/Logo-229x300.jpg 229w\" sizes=\"auto, (max-width: 720px) 100vw, 720px\" \/>\t\t\t\t\t\t\t\t\t\t\t\t\t\t\t<\/div>\n\t\t\t\t<\/div>\n\t\t\t\t\t<\/div>\n\t\t<\/div>\n\t\t\t\t\t\t\t<\/div>\n\t\t<\/div>\n\t\t\t\t<div class=\"elementor-section elementor-top-section elementor-element elementor-element-599d17c elementor-section-boxed elementor-section-height-default elementor-section-height-default\" data-id=\"599d17c\" data-element_type=\"section\">\n\t\t\t\t\t\t<div class=\"elementor-container elementor-column-gap-default\">\n\t\t\t\t\t<div class=\"elementor-column elementor-col-100 elementor-top-column elementor-element elementor-element-0a585ab\" data-id=\"0a585ab\" data-element_type=\"column\">\n\t\t\t<div class=\"elementor-widget-wrap elementor-element-populated\">\n\t\t\t\t\t\t\t\t<div class=\"elementor-element elementor-element-a6a19c6 elementor-widget elementor-widget-heading\" data-id=\"a6a19c6\" data-element_type=\"widget\" data-widget_type=\"heading.default\">\n\t\t\t\t<div class=\"elementor-widget-container\">\n\t\t\t<h2 class=\"elementor-heading-title elementor-size-default\"> 2. PRODUITS ET FORMULES <\/h2>\t\t<\/div>\n\t\t\t\t<\/div>\n\t\t\t\t<div class=\"elementor-element elementor-element-cd729ec elementor-widget elementor-widget-text-editor\" data-id=\"cd729ec\" data-element_type=\"widget\" data-widget_type=\"text-editor.default\">\n\t\t\t\t<div class=\"elementor-widget-container\">\n\t\t\t\t\t\t\t<p><strong>Quels sont les ingr\u00e9dients proscrits dans vos formules\u00a0?<\/strong> <br \/>Chez Natuskin, nous nous engageons \u00e0 proposer des produits s\u00fbrs et de haute qualit\u00e9. Nous \u00e9vitons l&rsquo;utilisation d&rsquo;ingr\u00e9dients controvers\u00e9s ou nocifs dans nos formules.<br \/>Nous privil\u00e9gions des ingr\u00e9dients d&rsquo;origine naturelle, biologiques lorsque possible, et nous nous conformons aux r\u00e9glementations et normes en vigueur pour assurer la s\u00e9curit\u00e9 et la qualit\u00e9 de nos produits.<br \/>tol\u00e9rance aux produits<\/p><p><strong>Natuskin a-t-elle \u00e9t\u00e9 test\u00e9e ?<\/strong> <br \/>Oui, la tol\u00e9rance des produits Natuskin a \u00e9t\u00e9 test\u00e9e. Nous attachons une grande importance \u00e0 la s\u00e9curit\u00e9 et \u00e0 la tol\u00e9rance de nos produits. Avant leur mise sur le march\u00e9, nos produits font l&rsquo;objet de tests rigoureux pour \u00e9valuer leur compatibilit\u00e9 cutan\u00e9e et leur tol\u00e9rance.<br \/>Les tests comprennent des \u00e9tudes sur des volontaires humains afin de garantir une tol\u00e9rance optimale pour diff\u00e9rents types de peau.<br \/>Nous nous engageons \u00e0 fournir des produits de haute qualit\u00e9, s\u00fbrs et efficaces. Cependant, il est toujours recommand\u00e9 de faire un test de patch avant d&rsquo;utiliser un nouveau produit cosm\u00e9tique, en particulier si vous avez une peau sensible ou sujette aux r\u00e9actions allergiques. Si vous avez des pr\u00e9occupations sp\u00e9cifiques concernant la tol\u00e9rance des produits Natuskin, nous vous recommandons de consulter un professionnel de la sant\u00e9 ou de contacter notre service client\u00e8le pour obtenir des informations suppl\u00e9mentaires.<\/p><p><strong>Les emballages sont-ils recyclables ? <\/strong><br \/>Oui, chez Natuskin, nous nous soucions de l&rsquo;environnement et nous nous effor\u00e7ons de minimiser notre impact \u00e9cologique. Nous nous engageons \u00e0 utiliser des emballages respectueux de l&rsquo;environnement et recyclables autant que possible.<br \/>Nos emballages sont con\u00e7us de mani\u00e8re \u00e0 \u00eatre recyclables, en utilisant des mat\u00e9riaux tels que le verre, le plastique PET recyclable et les mat\u00e9riaux d&#8217;emballage en carton. Nous encourageons nos clients \u00e0 recycler les emballages de nos produits conform\u00e9ment aux pratiques de recyclage locales.<br \/>Nous sommes continuellement \u00e0 la recherche de moyens d&rsquo;am\u00e9liorer notre empreinte \u00e9cologique et de mettre en place des initiatives durables dans notre cha\u00eene d&rsquo;approvisionnement. Nous restons engag\u00e9s envers la protection de l&rsquo;environnement et la promotion de pratiques respectueuses de la plan\u00e8te.<\/p>\t\t\t\t\t\t<\/div>\n\t\t\t\t<\/div>\n\t\t\t\t\t<\/div>\n\t\t<\/div>\n\t\t\t\t\t\t\t<\/div>\n\t\t<\/div>\n\t\t\t\t\t\t\t<\/div>\n\t\t","protected":false},"excerpt":{"rendered":"<p>1. MARQUE Pourquoi la marque s\u2019appelle-t-elle natuskin ? La marque s&rsquo;appelle Natuskin en r\u00e9f\u00e9rence \u00e0 sa philosophie fondamentale qui est d&rsquo;utiliser des ingr\u00e9dients naturels dans ses produits de soins de la peau. \u00ab\u00a0Natuskin\u00a0\u00bb est une combinaison des mots \u00ab\u00a0natura\u00a0\u00bb qui signifie \u00ab\u00a0nature\u00a0\u00bb en latin, et \u00ab\u00a0skin\u00a0\u00bb qui signifie \u00ab\u00a0peau\u00a0\u00bb en anglais. Cette fusion refl\u00e8te l&rsquo;engagement de la marque envers la\u2026<\/p>\n","protected":false},"author":1,"featured_media":0,"parent":0,"menu_order":0,"comment_status":"closed","ping_status":"closed","template":"","meta":{"footnotes":""},"class_list":["post-3369","page","type-page","status-publish","hentry"],"_links":{"self":[{"href":"https:\/\/host3.hellowebtunisie.com\/~natuskin\/wp-json\/wp\/v2\/pages\/3369","targetHints":{"allow":["GET"]}}],"collection":[{"href":"https:\/\/host3.hellowebtunisie.com\/~natuskin\/wp-json\/wp\/v2\/pages"}],"about":[{"href":"https:\/\/host3.hellowebtunisie.com\/~natuskin\/wp-json\/wp\/v2\/types\/page"}],"author":[{"embeddable":true,"href":"https:\/\/host3.hellowebtunisie.com\/~natuskin\/wp-json\/wp\/v2\/users\/1"}],"replies":[{"embeddable":true,"href":"https:\/\/host3.hellowebtunisie.com\/~natuskin\/wp-json\/wp\/v2\/comments?post=3369"}],"version-history":[{"count":11,"href":"https:\/\/host3.hellowebtunisie.com\/~natuskin\/wp-json\/wp\/v2\/pages\/3369\/revisions"}],"predecessor-version":[{"id":3447,"href":"https:\/\/host3.hellowebtunisie.com\/~natuskin\/wp-json\/wp\/v2\/pages\/3369\/revisions\/3447"}],"wp:attachment":[{"href":"https:\/\/host3.hellowebtunisie.com\/~natuskin\/wp-json\/wp\/v2\/media?parent=3369"}],"curies":[{"name":"wp","href":"https:\/\/api.w.org\/{rel}","templated":true}]}}