{"id":19565,"date":"2023-01-11T15:38:38","date_gmt":"2023-01-11T14:38:38","guid":{"rendered":"https:\/\/host3.hellowebtunisie.com\/~meubledo\/?post_type=product&#038;p=19565"},"modified":"2023-03-29T16:12:09","modified_gmt":"2023-03-29T14:12:09","slug":"salon-oscar","status":"publish","type":"product","link":"https:\/\/host3.hellowebtunisie.com\/~meudoug\/?product=salon-oscar","title":{"rendered":"Salon Oscar"},"content":{"rendered":"<p>Salon oscar canap\u00e9 280 cm et canap\u00e9 220 cm 5100 dt chaise suppl\u00e9ment 750 dt<\/p>\n","protected":false},"excerpt":{"rendered":"<div class=\"elementor-element elementor-element-9e3260c elementor-widget__width-initial elementor-widget-tablet__width-initial elementor-widget elementor-widget-text-editor\" data-id=\"9e3260c\" data-element_type=\"widget\" data-widget_type=\"text-editor.default\">\n<div class=\"elementor-widget-container\">\n<p>Salon oscar canap\u00e9 280 cm et canap\u00e9 220 cm 5100 dt chaise suppl\u00e9ment 750 dt<\/p>\n<\/div>\n<\/div>\n<div class=\"elementor-element elementor-element-25350e8 elementor-widget elementor-widget-button\" data-id=\"25350e8\" data-element_type=\"widget\" data-widget_type=\"button.default\">\n<div class=\"elementor-widget-container\">\n<div class=\"elementor-button-wrapper\"><\/div>\n<\/div>\n<\/div>\n","protected":false},"featured_media":19566,"comment_status":"closed","ping_status":"closed","template":"","meta":[],"product_cat":[143],"product_tag":[],"class_list":{"0":"post-19565","1":"product","2":"type-product","3":"status-publish","4":"has-post-thumbnail","6":"product_cat-salon","8":"first","9":"instock","10":"shipping-taxable","11":"purchasable","12":"product-type-simple"},"_links":{"self":[{"href":"https:\/\/host3.hellowebtunisie.com\/~meudoug\/index.php?rest_route=\/wp\/v2\/product\/19565","targetHints":{"allow":["GET"]}}],"collection":[{"href":"https:\/\/host3.hellowebtunisie.com\/~meudoug\/index.php?rest_route=\/wp\/v2\/product"}],"about":[{"href":"https:\/\/host3.hellowebtunisie.com\/~meudoug\/index.php?rest_route=\/wp\/v2\/types\/product"}],"replies":[{"embeddable":true,"href":"https:\/\/host3.hellowebtunisie.com\/~meudoug\/index.php?rest_route=%2Fwp%2Fv2%2Fcomments&post=19565"}],"wp:featuredmedia":[{"embeddable":true,"href":"https:\/\/host3.hellowebtunisie.com\/~meudoug\/index.php?rest_route=\/wp\/v2\/media\/19566"}],"wp:attachment":[{"href":"https:\/\/host3.hellowebtunisie.com\/~meudoug\/index.php?rest_route=%2Fwp%2Fv2%2Fmedia&parent=19565"}],"wp:term":[{"taxonomy":"product_cat","embeddable":true,"href":"https:\/\/host3.hellowebtunisie.com\/~meudoug\/index.php?rest_route=%2Fwp%2Fv2%2Fproduct_cat&post=19565"},{"taxonomy":"product_tag","embeddable":true,"href":"https:\/\/host3.hellowebtunisie.com\/~meudoug\/index.php?rest_route=%2Fwp%2Fv2%2Fproduct_tag&post=19565"}],"curies":[{"name":"wp","href":"https:\/\/api.w.org\/{rel}","templated":true}]}}