{"id":19537,"date":"2023-01-11T14:31:45","date_gmt":"2023-01-11T13:31:45","guid":{"rendered":"https:\/\/host3.hellowebtunisie.com\/~meubledo\/?page_id=19537"},"modified":"2023-04-06T11:25:16","modified_gmt":"2023-04-06T09:25:16","slug":"presentation-dougaz","status":"publish","type":"page","link":"https:\/\/host3.hellowebtunisie.com\/~meudoug\/?page_id=19537","title":{"rendered":"Presentation Dougaz"},"content":{"rendered":"\t\t<div data-elementor-type=\"wp-page\" data-elementor-id=\"19537\" class=\"elementor elementor-19537\">\n\t\t\t\t\t\t\t\t\t<section class=\"elementor-section elementor-top-section elementor-element elementor-element-2d36a9f elementor-section-content-middle elementor-section-boxed elementor-section-height-default elementor-section-height-default\" data-id=\"2d36a9f\" data-element_type=\"section\">\n\t\t\t\t\t\t<div class=\"elementor-container elementor-column-gap-default\">\n\t\t\t\t\t<div class=\"elementor-column elementor-col-33 elementor-top-column elementor-element elementor-element-040d7f7\" data-id=\"040d7f7\" data-element_type=\"column\">\n\t\t\t<div class=\"elementor-widget-wrap elementor-element-populated\">\n\t\t\t\t\t\t\t\t<div class=\"elementor-element elementor-element-f8bbb3a elementor-widget elementor-widget-heading\" data-id=\"f8bbb3a\" data-element_type=\"widget\" data-widget_type=\"heading.default\">\n\t\t\t\t<div class=\"elementor-widget-container\">\n\t\t\t<style>\/*! elementor - v3.9.2 - 21-12-2022 *\/\n.elementor-heading-title{padding:0;margin:0;line-height:1}.elementor-widget-heading .elementor-heading-title[class*=elementor-size-]>a{color:inherit;font-size:inherit;line-height:inherit}.elementor-widget-heading .elementor-heading-title.elementor-size-small{font-size:15px}.elementor-widget-heading .elementor-heading-title.elementor-size-medium{font-size:19px}.elementor-widget-heading .elementor-heading-title.elementor-size-large{font-size:29px}.elementor-widget-heading .elementor-heading-title.elementor-size-xl{font-size:39px}.elementor-widget-heading .elementor-heading-title.elementor-size-xxl{font-size:59px}<\/style><h3 class=\"elementor-heading-title elementor-size-default\">Meuble Dougaz<\/h3>\t\t<\/div>\n\t\t\t\t<\/div>\n\t\t\t\t<div class=\"elementor-element elementor-element-9e3260c elementor-widget__width-initial elementor-widget-tablet__width-initial elementor-widget elementor-widget-text-editor\" data-id=\"9e3260c\" data-element_type=\"widget\" data-widget_type=\"text-editor.default\">\n\t\t\t\t<div class=\"elementor-widget-container\">\n\t\t\t<style>\/*! elementor - v3.9.2 - 21-12-2022 *\/\n.elementor-widget-text-editor.elementor-drop-cap-view-stacked .elementor-drop-cap{background-color:#818a91;color:#fff}.elementor-widget-text-editor.elementor-drop-cap-view-framed .elementor-drop-cap{color:#818a91;border:3px solid;background-color:transparent}.elementor-widget-text-editor:not(.elementor-drop-cap-view-default) .elementor-drop-cap{margin-top:8px}.elementor-widget-text-editor:not(.elementor-drop-cap-view-default) .elementor-drop-cap-letter{width:1em;height:1em}.elementor-widget-text-editor .elementor-drop-cap{float:left;text-align:center;line-height:1;font-size:50px}.elementor-widget-text-editor .elementor-drop-cap-letter{display:inline-block}<\/style>\t\t\t\t<p>S\u2019il y a bien un endroit o\u00f9 l\u2019on peut \u00eatre soi-m\u00eame, c\u2019est chez soi ! C\u2019est pour cette raison que Meuble Dougaz de mobilier design et objets d\u00e9co, Drawer propose une collection de meubles et accessoires \u00e9clectiques, tendance et accessibles<\/p>\t\t\t\t\t\t<\/div>\n\t\t\t\t<\/div>\n\t\t\t\t<div class=\"elementor-element elementor-element-25350e8 elementor-widget elementor-widget-button\" data-id=\"25350e8\" data-element_type=\"widget\" data-widget_type=\"button.default\">\n\t\t\t\t<div class=\"elementor-widget-container\">\n\t\t\t\t\t<div class=\"elementor-button-wrapper\">\n\t\t\t<a href=\"https:\/\/meuble-dougaz.com\/contactez-nous\" class=\"elementor-button-link elementor-button elementor-size-sm\" role=\"button\">\n\t\t\t\t\t\t<span class=\"elementor-button-content-wrapper\">\n\t\t\t\t\t\t<span class=\"elementor-button-text\">CONTACT<\/span>\n\t\t<\/span>\n\t\t\t\t\t<\/a>\n\t\t<\/div>\n\t\t\t\t<\/div>\n\t\t\t\t<\/div>\n\t\t\t\t\t<\/div>\n\t\t<\/div>\n\t\t\t\t<div class=\"elementor-column elementor-col-33 elementor-top-column elementor-element elementor-element-df85dcc elementor-hidden-tablet\" data-id=\"df85dcc\" data-element_type=\"column\">\n\t\t\t<div class=\"elementor-widget-wrap elementor-element-populated\">\n\t\t\t\t\t\t\t\t<div class=\"elementor-element elementor-element-5e4f9d4 elementor-widget elementor-widget-image\" data-id=\"5e4f9d4\" data-element_type=\"widget\" data-widget_type=\"image.default\">\n\t\t\t\t<div class=\"elementor-widget-container\">\n\t\t\t<style>\/*! elementor - v3.9.2 - 21-12-2022 *\/\n.elementor-widget-image{text-align:center}.elementor-widget-image a{display:inline-block}.elementor-widget-image a img[src$=\".svg\"]{width:48px}.elementor-widget-image img{vertical-align:middle;display:inline-block}<\/style>\t\t\t\t\t\t\t\t\t\t\t\t<img loading=\"lazy\" decoding=\"async\" width=\"1024\" height=\"932\" src=\"https:\/\/host3.hellowebtunisie.com\/~meudoug\/wp-content\/uploads\/2022\/12\/vg-1024x932.jpg\" class=\"attachment-large size-large wp-image-19296\" alt=\"\" srcset=\"https:\/\/host3.hellowebtunisie.com\/~meudoug\/wp-content\/uploads\/2022\/12\/vg-1024x932.jpg 1024w, https:\/\/host3.hellowebtunisie.com\/~meudoug\/wp-content\/uploads\/2022\/12\/vg-300x273.jpg 300w, https:\/\/host3.hellowebtunisie.com\/~meudoug\/wp-content\/uploads\/2022\/12\/vg-768x699.jpg 768w, https:\/\/host3.hellowebtunisie.com\/~meudoug\/wp-content\/uploads\/2022\/12\/vg-600x546.jpg 600w, https:\/\/host3.hellowebtunisie.com\/~meudoug\/wp-content\/uploads\/2022\/12\/vg.jpg 1183w\" sizes=\"auto, (max-width: 1024px) 100vw, 1024px\" \/>\t\t\t\t\t\t\t\t\t\t\t\t\t\t\t<\/div>\n\t\t\t\t<\/div>\n\t\t\t\t\t<\/div>\n\t\t<\/div>\n\t\t\t\t<div class=\"elementor-column elementor-col-33 elementor-top-column elementor-element elementor-element-15b7f32\" data-id=\"15b7f32\" data-element_type=\"column\">\n\t\t\t<div class=\"elementor-widget-wrap elementor-element-populated\">\n\t\t\t\t\t\t\t\t<div class=\"elementor-element elementor-element-a5b4d3d elementor-widget elementor-widget-counter\" data-id=\"a5b4d3d\" data-element_type=\"widget\" data-widget_type=\"counter.default\">\n\t\t\t\t<div class=\"elementor-widget-container\">\n\t\t\t<style>\/*! elementor - v3.9.2 - 21-12-2022 *\/\n.elementor-counter .elementor-counter-number-wrapper{display:flex;font-size:69px;font-weight:600;line-height:1}.elementor-counter .elementor-counter-number-prefix,.elementor-counter .elementor-counter-number-suffix{flex-grow:1;white-space:pre-wrap}.elementor-counter .elementor-counter-number-prefix{text-align:right}.elementor-counter .elementor-counter-number-suffix{text-align:left}.elementor-counter .elementor-counter-title{text-align:center;font-size:19px;font-weight:400;line-height:2.5}<\/style>\t\t<div class=\"elementor-counter\">\n\t\t\t<div class=\"elementor-counter-number-wrapper\">\n\t\t\t\t<span class=\"elementor-counter-number-prefix\">0<\/span>\n\t\t\t\t<span class=\"elementor-counter-number\" data-duration=\"500\" data-to-value=\"4\" data-from-value=\"0\" data-delimiter=\",\">0<\/span>\n\t\t\t\t<span class=\"elementor-counter-number-suffix\">+<\/span>\n\t\t\t<\/div>\n\t\t\t\t\t\t\t<div class=\"elementor-counter-title\">Magasins<\/div>\n\t\t\t\t\t<\/div>\n\t\t\t\t<\/div>\n\t\t\t\t<\/div>\n\t\t\t\t<div class=\"elementor-element elementor-element-7ac13f9 elementor-widget elementor-widget-counter\" data-id=\"7ac13f9\" data-element_type=\"widget\" data-widget_type=\"counter.default\">\n\t\t\t\t<div class=\"elementor-widget-container\">\n\t\t\t\t\t<div class=\"elementor-counter\">\n\t\t\t<div class=\"elementor-counter-number-wrapper\">\n\t\t\t\t<span class=\"elementor-counter-number-prefix\"><\/span>\n\t\t\t\t<span class=\"elementor-counter-number\" data-duration=\"2000\" data-to-value=\"28\" data-from-value=\"0\" data-delimiter=\",\">0<\/span>\n\t\t\t\t<span class=\"elementor-counter-number-suffix\">+<\/span>\n\t\t\t<\/div>\n\t\t\t\t\t\t\t<div class=\"elementor-counter-title\">Marques<\/div>\n\t\t\t\t\t<\/div>\n\t\t\t\t<\/div>\n\t\t\t\t<\/div>\n\t\t\t\t<div class=\"elementor-element elementor-element-fbeac04 elementor-widget elementor-widget-text-editor\" data-id=\"fbeac04\" data-element_type=\"widget\" data-widget_type=\"text-editor.default\">\n\t\t\t\t<div class=\"elementor-widget-container\">\n\t\t\t\t\t\t\t<p>De bonne qualit\u00e9 et renomm\u00e9e<\/p>\t\t\t\t\t\t<\/div>\n\t\t\t\t<\/div>\n\t\t\t\t<div class=\"elementor-element elementor-element-bb257e7 elementor-widget elementor-widget-counter\" data-id=\"bb257e7\" data-element_type=\"widget\" data-widget_type=\"counter.default\">\n\t\t\t\t<div class=\"elementor-widget-container\">\n\t\t\t\t\t<div class=\"elementor-counter\">\n\t\t\t<div class=\"elementor-counter-number-wrapper\">\n\t\t\t\t<span class=\"elementor-counter-number-prefix\"><\/span>\n\t\t\t\t<span class=\"elementor-counter-number\" data-duration=\"2000\" data-to-value=\"100\" data-from-value=\"0\" data-delimiter=\",\">0<\/span>\n\t\t\t\t<span class=\"elementor-counter-number-suffix\">%<\/span>\n\t\t\t<\/div>\n\t\t\t\t\t\t\t<div class=\"elementor-counter-title\">Clients heureux<\/div>\n\t\t\t\t\t<\/div>\n\t\t\t\t<\/div>\n\t\t\t\t<\/div>\n\t\t\t\t\t<\/div>\n\t\t<\/div>\n\t\t\t\t\t\t\t<\/div>\n\t\t<\/section>\n\t\t\t\t<section class=\"elementor-section elementor-top-section elementor-element elementor-element-1f68880 elementor-section-boxed elementor-section-height-default elementor-section-height-default\" data-id=\"1f68880\" data-element_type=\"section\">\n\t\t\t\t\t\t<div class=\"elementor-container elementor-column-gap-default\">\n\t\t\t\t\t<div class=\"elementor-column elementor-col-33 elementor-top-column elementor-element elementor-element-5ad3c5c\" data-id=\"5ad3c5c\" data-element_type=\"column\">\n\t\t\t<div class=\"elementor-widget-wrap elementor-element-populated\">\n\t\t\t\t\t\t\t\t<div class=\"elementor-element elementor-element-6938305 elementor-widget elementor-widget-ts-banner\" data-id=\"6938305\" data-element_type=\"widget\" data-widget_type=\"ts-banner.default\">\n\t\t\t\t<div class=\"elementor-widget-container\">\n\t\t\t\t\t<div class=\"ts-banner text-left background-scale left-center style-default\">\n\t\t\t<div class=\"banner-wrapper\">\n\t\t\t\n\t\t\t\t\t\t\t\t\t\n\t\t\t\t\t\t\t\t<div class=\"banner-bg\">\n\t\t\t\t\t<div class=\"bg-content\">\n\t\t\t\t\t<img loading=\"lazy\" decoding=\"async\" width=\"420\" height=\"230\" src=\"https:\/\/host3.hellowebtunisie.com\/~meudoug\/wp-content\/uploads\/2022\/12\/2-3.jpg\" class=\"img\" alt=\"\" srcset=\"https:\/\/host3.hellowebtunisie.com\/~meudoug\/wp-content\/uploads\/2022\/12\/2-3.jpg 420w, https:\/\/host3.hellowebtunisie.com\/~meudoug\/wp-content\/uploads\/2022\/12\/2-3-300x164.jpg 300w\" sizes=\"auto, (max-width: 420px) 100vw, 420px\" \/>\t\t\t\t\t<\/div>\n\t\t\t\t<\/div>\n\t\t\t\t\t\t\t\t\t\t\t\n\t\t\t\t<div class=\"box-content\">\n\t\t\t\t\t<div class=\"header-content\">\n\t\t\t\t\t\n\t\t\t\t\t\t\t\t\t\t\n\t\t\t\t\t\t<h4>\n\t\t\t\t\t\t\t<span>Artisanat De Meubles<\/span>\n\t\t\t\t\t\t\t<span><\/span>\n\t\t\t\t\t\t<\/h4>\n\t\t\t\t\t\t\t\t\t\t\t\t\n\t\t\t\t\t\t\t\t\t\t\t\t\n\t\t\t\t\t\t\t\t\t\t\t\t\n\t\t\t\t\t\t\t\t\t\t\t\t\n\t\t\t\t\t<\/div>\n\t\t\t\t<\/div>\n\t\t\t\t\n\t\t\t<\/div>\n\t\t<\/div>\n\t\t\t\t<\/div>\n\t\t\t\t<\/div>\n\t\t\t\t<div class=\"elementor-element elementor-element-d1364fc elementor-widget elementor-widget-ts-banner\" data-id=\"d1364fc\" data-element_type=\"widget\" data-widget_type=\"ts-banner.default\">\n\t\t\t\t<div class=\"elementor-widget-container\">\n\t\t\t\t\t<div class=\"ts-banner text-left background-scale left-center style-default\">\n\t\t\t<div class=\"banner-wrapper\">\n\t\t\t\n\t\t\t\t\t\t\t\t\t\n\t\t\t\t\t\t\t\t<div class=\"banner-bg\">\n\t\t\t\t\t<div class=\"bg-content\">\n\t\t\t\t\t<img loading=\"lazy\" decoding=\"async\" width=\"420\" height=\"230\" src=\"https:\/\/host3.hellowebtunisie.com\/~meudoug\/wp-content\/uploads\/2022\/12\/3-2.jpg\" class=\"img\" alt=\"\" srcset=\"https:\/\/host3.hellowebtunisie.com\/~meudoug\/wp-content\/uploads\/2022\/12\/3-2.jpg 420w, https:\/\/host3.hellowebtunisie.com\/~meudoug\/wp-content\/uploads\/2022\/12\/3-2-300x164.jpg 300w\" sizes=\"auto, (max-width: 420px) 100vw, 420px\" \/>\t\t\t\t\t<\/div>\n\t\t\t\t<\/div>\n\t\t\t\t\t\t\t\t\t\t\t\n\t\t\t\t<div class=\"box-content\">\n\t\t\t\t\t<div class=\"header-content\">\n\t\t\t\t\t\n\t\t\t\t\t\t\t\t\t\t\n\t\t\t\t\t\t<h4>\n\t\t\t\t\t\t\t<span>Cr\u00e9ativit\u00e9<\/span>\n\t\t\t\t\t\t\t<span>en bois<\/span>\n\t\t\t\t\t\t<\/h4>\n\t\t\t\t\t\t\t\t\t\t\t\t\n\t\t\t\t\t\t\t\t\t\t\t\t\n\t\t\t\t\t\t\t\t\t\t\t\t\n\t\t\t\t\t\t\t\t\t\t\t\t\n\t\t\t\t\t<\/div>\n\t\t\t\t<\/div>\n\t\t\t\t\n\t\t\t<\/div>\n\t\t<\/div>\n\t\t\t\t<\/div>\n\t\t\t\t<\/div>\n\t\t\t\t\t<\/div>\n\t\t<\/div>\n\t\t\t\t<div class=\"elementor-column elementor-col-33 elementor-top-column elementor-element elementor-element-1d3a7d4\" data-id=\"1d3a7d4\" data-element_type=\"column\">\n\t\t\t<div class=\"elementor-widget-wrap elementor-element-populated\">\n\t\t\t\t\t\t\t\t<div class=\"elementor-element elementor-element-26d985d elementor-widget elementor-widget-ts-banner\" data-id=\"26d985d\" data-element_type=\"widget\" data-widget_type=\"ts-banner.default\">\n\t\t\t\t<div class=\"elementor-widget-container\">\n\t\t\t\t\t<div class=\"ts-banner text-left background-scale left-top style-default show-button\">\n\t\t\t<div class=\"banner-wrapper\">\n\t\t\t\n\t\t\t\t\t\t\t\t\t\n\t\t\t\t\t\t\t\t<div class=\"banner-bg\">\n\t\t\t\t\t<div class=\"bg-content\">\n\t\t\t\t\t<img loading=\"lazy\" decoding=\"async\" width=\"420\" height=\"480\" src=\"https:\/\/host3.hellowebtunisie.com\/~meudoug\/wp-content\/uploads\/2022\/12\/1-2.jpg\" class=\"img\" alt=\"\" srcset=\"https:\/\/host3.hellowebtunisie.com\/~meudoug\/wp-content\/uploads\/2022\/12\/1-2.jpg 420w, https:\/\/host3.hellowebtunisie.com\/~meudoug\/wp-content\/uploads\/2022\/12\/1-2-263x300.jpg 263w\" sizes=\"auto, (max-width: 420px) 100vw, 420px\" \/>\t\t\t\t\t<\/div>\n\t\t\t\t<\/div>\n\t\t\t\t\t\t\t\t\t\t\t\n\t\t\t\t<div class=\"box-content\">\n\t\t\t\t\t<div class=\"header-content\">\n\t\t\t\t\t\n\t\t\t\t\t\t\t\t\t\t\n\t\t\t\t\t\t<h4>\n\t\t\t\t\t\t\t<span>Trouvez les meilleures<\/span>\n\t\t\t\t\t\t\t<span> inspirations et bons plans<\/span>\n\t\t\t\t\t\t<\/h4>\n\t\t\t\t\t\t\t\t\t\t\t\t\n\t\t\t\t\t\t\t\t\t\t\t\t\n\t\t\t\t\t\t\t\t\t\t\t\t\n\t\t\t\t\t\t\t\t\t\t\t\t<div class=\"ts-banner-button\">\n\t\t\t\t\t\t\t<a class=\"button\" >\n\t\t\t\t\t\t\t\t\t\t\t\t\t\t<\/a>\n\t\t\t\t\t\t<\/div>\n\t\t\t\t\t\t\t\t\t\t\t\t\n\t\t\t\t\t<\/div>\n\t\t\t\t<\/div>\n\t\t\t\t\n\t\t\t<\/div>\n\t\t<\/div>\n\t\t\t\t<\/div>\n\t\t\t\t<\/div>\n\t\t\t\t\t<\/div>\n\t\t<\/div>\n\t\t\t\t<div class=\"elementor-column elementor-col-33 elementor-top-column elementor-element elementor-element-fac9c38\" data-id=\"fac9c38\" data-element_type=\"column\">\n\t\t\t<div class=\"elementor-widget-wrap elementor-element-populated\">\n\t\t\t\t\t\t\t\t<div class=\"elementor-element elementor-element-20cbfff elementor-widget elementor-widget-ts-banner\" data-id=\"20cbfff\" data-element_type=\"widget\" data-widget_type=\"ts-banner.default\">\n\t\t\t\t<div class=\"elementor-widget-container\">\n\t\t\t\t\t<div class=\"ts-banner text-left background-scale left-center style-default\">\n\t\t\t<div class=\"banner-wrapper\">\n\t\t\t\n\t\t\t\t\t\t\t\t\t\n\t\t\t\t\t\t\t\t<div class=\"banner-bg\">\n\t\t\t\t\t<div class=\"bg-content\">\n\t\t\t\t\t<img loading=\"lazy\" decoding=\"async\" width=\"420\" height=\"230\" src=\"https:\/\/host3.hellowebtunisie.com\/~meudoug\/wp-content\/uploads\/2022\/12\/4-2.jpg\" class=\"img\" alt=\"\" srcset=\"https:\/\/host3.hellowebtunisie.com\/~meudoug\/wp-content\/uploads\/2022\/12\/4-2.jpg 420w, https:\/\/host3.hellowebtunisie.com\/~meudoug\/wp-content\/uploads\/2022\/12\/4-2-300x164.jpg 300w\" sizes=\"auto, (max-width: 420px) 100vw, 420px\" \/>\t\t\t\t\t<\/div>\n\t\t\t\t<\/div>\n\t\t\t\t\t\t\t\t\t\t\t\n\t\t\t\t<div class=\"box-content\">\n\t\t\t\t\t<div class=\"header-content\">\n\t\t\t\t\t\n\t\t\t\t\t\t\t\t\t\t\n\t\t\t\t\t\t<h4>\n\t\t\t\t\t\t\t<span>Meilleur <\/span>\n\t\t\t\t\t\t\t<span>qualit\u00e9<\/span>\n\t\t\t\t\t\t<\/h4>\n\t\t\t\t\t\t\t\t\t\t\t\t\n\t\t\t\t\t\t\t\t\t\t\t\t\n\t\t\t\t\t\t\t\t\t\t\t\t\n\t\t\t\t\t\t\t\t\t\t\t\t\n\t\t\t\t\t<\/div>\n\t\t\t\t<\/div>\n\t\t\t\t\n\t\t\t<\/div>\n\t\t<\/div>\n\t\t\t\t<\/div>\n\t\t\t\t<\/div>\n\t\t\t\t<div class=\"elementor-element elementor-element-7d4f834 elementor-widget elementor-widget-ts-banner\" data-id=\"7d4f834\" data-element_type=\"widget\" data-widget_type=\"ts-banner.default\">\n\t\t\t\t<div class=\"elementor-widget-container\">\n\t\t\t\t\t<div class=\"ts-banner text-left background-scale left-center style-default\">\n\t\t\t<div class=\"banner-wrapper\">\n\t\t\t\n\t\t\t\t\t\t\t\t\t\n\t\t\t\t\t\t\t\t<div class=\"banner-bg\">\n\t\t\t\t\t<div class=\"bg-content\">\n\t\t\t\t\t<img loading=\"lazy\" decoding=\"async\" width=\"420\" height=\"230\" src=\"https:\/\/host3.hellowebtunisie.com\/~meudoug\/wp-content\/uploads\/2022\/12\/5-2.jpg\" class=\"img\" alt=\"\" srcset=\"https:\/\/host3.hellowebtunisie.com\/~meudoug\/wp-content\/uploads\/2022\/12\/5-2.jpg 420w, https:\/\/host3.hellowebtunisie.com\/~meudoug\/wp-content\/uploads\/2022\/12\/5-2-300x164.jpg 300w\" sizes=\"auto, (max-width: 420px) 100vw, 420px\" \/>\t\t\t\t\t<\/div>\n\t\t\t\t<\/div>\n\t\t\t\t\t\t\t\t\t\t\t\n\t\t\t\t<div class=\"box-content\">\n\t\t\t\t\t<div class=\"header-content\">\n\t\t\t\t\t\n\t\t\t\t\t\t\t\t\t\t\n\t\t\t\t\t\t<h4>\n\t\t\t\t\t\t\t<span>Confort<\/span>\n\t\t\t\t\t\t\t<span><\/span>\n\t\t\t\t\t\t<\/h4>\n\t\t\t\t\t\t\t\t\t\t\t\t\n\t\t\t\t\t\t\t\t\t\t\t\t\n\t\t\t\t\t\t\t\t\t\t\t\t\n\t\t\t\t\t\t\t\t\t\t\t\t\n\t\t\t\t\t<\/div>\n\t\t\t\t<\/div>\n\t\t\t\t\n\t\t\t<\/div>\n\t\t<\/div>\n\t\t\t\t<\/div>\n\t\t\t\t<\/div>\n\t\t\t\t\t<\/div>\n\t\t<\/div>\n\t\t\t\t\t\t\t<\/div>\n\t\t<\/section>\n\t\t\t\t\t\t\t<\/div>\n\t\t","protected":false},"excerpt":{"rendered":"<p>Meuble Dougaz S\u2019il y a bien un endroit o\u00f9 l\u2019on peut \u00eatre soi-m\u00eame, c\u2019est chez soi ! C\u2019est pour cette raison que Meuble Dougaz de mobilier design et objets d\u00e9co, Drawer propose une collection de meubles et accessoires \u00e9clectiques, tendance et accessibles CONTACT 0 0 + Magasins 0 + Marques De bonne qualit\u00e9 et renomm\u00e9e [&hellip;]<\/p>\n","protected":false},"author":1,"featured_media":0,"parent":0,"menu_order":0,"comment_status":"closed","ping_status":"closed","template":"","meta":{"footnotes":""},"class_list":["post-19537","page","type-page","status-publish","hentry"],"_links":{"self":[{"href":"https:\/\/host3.hellowebtunisie.com\/~meudoug\/index.php?rest_route=\/wp\/v2\/pages\/19537","targetHints":{"allow":["GET"]}}],"collection":[{"href":"https:\/\/host3.hellowebtunisie.com\/~meudoug\/index.php?rest_route=\/wp\/v2\/pages"}],"about":[{"href":"https:\/\/host3.hellowebtunisie.com\/~meudoug\/index.php?rest_route=\/wp\/v2\/types\/page"}],"author":[{"embeddable":true,"href":"https:\/\/host3.hellowebtunisie.com\/~meudoug\/index.php?rest_route=\/wp\/v2\/users\/1"}],"replies":[{"embeddable":true,"href":"https:\/\/host3.hellowebtunisie.com\/~meudoug\/index.php?rest_route=%2Fwp%2Fv2%2Fcomments&post=19537"}],"version-history":[{"count":16,"href":"https:\/\/host3.hellowebtunisie.com\/~meudoug\/index.php?rest_route=\/wp\/v2\/pages\/19537\/revisions"}],"predecessor-version":[{"id":19779,"href":"https:\/\/host3.hellowebtunisie.com\/~meudoug\/index.php?rest_route=\/wp\/v2\/pages\/19537\/revisions\/19779"}],"wp:attachment":[{"href":"https:\/\/host3.hellowebtunisie.com\/~meudoug\/index.php?rest_route=%2Fwp%2Fv2%2Fmedia&parent=19537"}],"curies":[{"name":"wp","href":"https:\/\/api.w.org\/{rel}","templated":true}]}}